9
Let c = 1 + -5. Let n be -2 - 32/24*57. Let r be n/(-21) - c*(-1)/(-14). Calculate the highest common factor of 44 and r.
4
Let b = 105 - 48. Let u(t) = -t**3 + 58*t**2 - 58*t + 74. Let c be u(b). Suppose 5*x - 42 - 43 = 0. Calculate the highest common factor of x and c.
17
Let j(a) = 386*a**2 - 1. Let x be j(1). Suppose 5*n + 315 = 5*z, -8*z = 3*n - 6*z + 209. Let i = n - -102. What is the greatest common divisor of i and x?
35
Let s be (-6)/((-3)/(-9) - 309/1008). Let o = 225 + s. Calculate the highest common divisor of o and 1.
1
Let y(d) = -377*d + 4143. Let w be y(10). What is the highest common divisor of w and 2?
1
Suppose -428*t = -16685437 + 5604089. Calculate the highest common divisor of t and 17.
17
Suppose 75*f = -34*f + 332123. Calculate the greatest common factor of f and 11.
11
Let z be 412*(-2)/(-10 + 6/3). Suppose -z*f = -101*f - 80. What is the greatest common factor of 120 and f?
40
Let o be (0 + 1)*(2 + -3) + (95 - 61). What is the greatest common factor of o and 66?
33
Let k = -14 + 22. Suppose -403 = -k*q + 173. Let y(i) = i**2 + i - 11. Let c be y(4). Calculate the highest common factor of q and c.
9
Let o be 3*(0 + (-5613)/(-9)). Let p = o + -653. Suppose -11*k = 3*k - p. What is the highest common divisor of 29 and k?
29
Suppose 702 = 5*o - 0*n + 3*n, 0 = 2*o + 2*n - 276. What is the greatest common divisor of 48 and o?
48
Suppose -5*i + 82 = 4*h, 0 = -4*i - 2*h - h + 65. Let m be (-4)/(-3)*-231*3/(-6). Calculate the greatest common factor of m and i.
14
Suppose -3*k + 376 = 2*s, s + 13 = -k + 199. Calculate the highest common factor of 448 and s.
14
Suppose 0 = 5*s + 4*w - 34, -5*w = -4*s - 10 + 70. What is the highest common divisor of 10610 and s?
10
Let o = -818 + 831. Calculate the highest common factor of 1781 and o.
13
Suppose 61*h = 99 - 38. Suppose -5*z = -23 + 18. Calculate the greatest common factor of z and h.
1
Suppose -x = 5*w - 1096 - 104, 0 = x + 2*w - 1197. What is the greatest common divisor of 40 and x?
5
Suppose 5*n + m = 13622, 6*n - 2750 = 5*n + 3*m. What is the greatest common divisor of n and 376?
94
Let h be (22/(-4))/((-2)/4). Suppose 0 = -2*f + f + 6, -3*f = -y - 17. Calculate the greatest common factor of y and h.
1
Suppose -49*k + 4*q - 256 = -52*k, -236 = -3*k + q. Let d be ((-150)/(-9))/(1/12). Calculate the greatest common divisor of d and k.
40
Suppose 10*g - 139 - 351 = 0. Let j be 1344/(-40) - (-6)/10. Let p = j + g. What is the greatest common factor of 112 and p?
16
Suppose -39*r - 36*r = -86*r + 1716. Calculate the highest common factor of r and 832.
52
Let j(f) = 3*f - 1. Let h be j(2). Let p be 3*3*h/15. Suppose 3 = -2*i - p*g + 14, 2*i - 4*g - 4 = 0. Calculate the highest common factor of 44 and i.
4
Suppose 3*c + 24 = 3*d, 4*c + 23 = 3*d - 3. Suppose 2*m - d*m + 1216 = 0. What is the greatest common divisor of m and 38?
38
Let d = -15 - 11. Suppose 0 = 21*q - 616 - 392. Let o = d + q. Calculate the greatest common factor of 88 and o.
22
Let q be (28/(-5) + 77/(-55))*5/(-5). What is the highest common divisor of 8407 and q?
7
Suppose 2*p - 167 = -j, 1 = -p + 2*p. Let q be -92*3/(-18) + 21/(-63). What is the greatest common divisor of q and j?
15
Let j be -1093 - -1433 - (1 - (-1)/(-3))*-3. What is the greatest common factor of 57 and j?
57
Suppose -402 = -4*t - 5*i + 2673, 0 = -6*t + i + 4621. Calculate the highest common factor of t and 2970.
110
Let z(x) = -x + 7. Let k be z(5). Let j = -49553 - -49578. What is the greatest common factor of k and j?
1
Suppose -794 + 2804 = 5*t. Let x = 680714 - 680708. Calculate the highest common factor of t and x.
6
Suppose 2*t = 58 + 94. Suppose -f + 575 = 3*y, -y + 88 = -f - 97. What is the highest common divisor of y and t?
38
Let t be ((-10)/25 - 5274/(-360))*4. Suppose c = 44 + 2. Suppose -2*v + c = -5*o - 30, -3*o = 2*v - 76. Calculate the highest common divisor of v and t.
19
Suppose 452 = -3*c + 4*m, -2*m + 304 = -2*c - 0*m. Let b be c/(-2) + 6/(-2). Let h = b + -55. Calculate the highest common factor of h and 5.
5
Let a(q) = -45*q**2 - 13*q + 12. Let j be a(1). Let z = 56 + j. What is the greatest common factor of 2 and z?
2
Let x = 3240 + -1436. What is the greatest common factor of 44 and x?
44
Let f be 24/(-15) + 5/((-100)/(-3232)). What is the greatest common factor of 1 and f?
1
Let i(x) = -4*x - 65. Let z be i(0). Let p = 100 + z. Suppose p = d + 2*y, 0 = 5*d + y - 54 - 166. Calculate the highest common factor of 15 and d.
15
Let z be (-25)/(-125) - 8/(-10) - 47. Let s be (z/(-3))/((-80)/(-5880)). Calculate the greatest common divisor of s and 23.
23
Let u = -16 - 1. Let r = 1 - u. Suppose 4*l - 78 = r. What is the highest common factor of 60 and l?
12
Suppose 3*g - 23 = 1. Suppose -3*n + 75 + 192 = 0. Suppose 55 = 2*x - n. What is the highest common factor of g and x?
8
Let n = -2 - -8. Let y = -385 + 355. Let r = y - -78. Calculate the highest common factor of n and r.
6
Let q(r) = -r**2 - 155*r - 544. Let f be q(-114). What is the highest common factor of f and 630?
70
Suppose -1760745 = 564*r - 669*r. Calculate the greatest common factor of r and 82.
41
Suppose l - 26 = -0*l. Let u = 1354 - 1172. Calculate the highest common factor of l and u.
26
Suppose -4*q - p + 1125 = 338, 0 = -q + p + 203. Calculate the highest common divisor of q and 242.
22
Let y be (224/(-35) - -4)*-10. Let b be y/(-56) + (-7074)/(-42). Calculate the highest common factor of b and 48.
24
Let o be 10/(-15)*(-102)/4. Let j = -3461 - -3852. Calculate the highest common factor of j and o.
17
Suppose 22 = -3*z + 4*f + 183, 116 = 3*z + 5*f. Suppose 11505 = -3*t + 12069. What is the highest common factor of z and t?
47
Let b(s) = -s**3 - 9*s**2 - 8*s + 4. Let w be b(-9). Suppose 14*k - 2542 = w. Calculate the greatest common divisor of k and 22.
11
Let z(g) = -27*g + 14. Let b be z(-7). Let w = -183 + b. What is the highest common divisor of w and 20?
20
Let f be (5 - 7 - -2)*(-1 + 2). Suppose -2*x = l - 35, f = 4*x + 3*l - 0*l - 65. Calculate the highest common factor of x and 220.
20
Suppose z - 4*t + 304 = 298, 4*z - 71 = -3*t. What is the highest common factor of z and 1561?
7
Let o = 8064 + -7799. Calculate the highest common factor of 105 and o.
5
Suppose 0 = -77*q + 84*q - 89010 - 6911. Calculate the greatest common factor of q and 142.
71
Suppose 13*v - 704 = -9*v + 14*v. What is the highest common factor of 376 and v?
8
Let u(a) = a + 7. Let w be u(14). Suppose 6 = -w*r + 27*r. Suppose -c = -r - 28. What is the highest common divisor of 290 and c?
29
Let u = 881 + 43. What is the highest common divisor of 420 and u?
84
Suppose 31*r - 7*r + 48 = 0. Let t be (-10)/(60/(-738)) - r. What is the highest common divisor of 75 and t?
25
Let j be -2*(-22)/33*9/4. Suppose 122 = 2*f + 4*k - j*k, 2*k = 8. Let g = 78 - f. What is the highest common factor of 171 and g?
19
Let w be (-108)/378 + (-79)/(-7). Let u be -1 + w/2 + 1/2. Suppose -4 = 6*b - 2*b, 4*m - 4*b - 24 = 0. What is the highest common factor of m and u?
5
Let w be (-4)/14 + 5159/49. Let s(k) be the first derivative of 12*k**3 - 3*k**2/2 - 4*k - 3. Let j be s(-1). Calculate the greatest common factor of j and w.
35
Let h = 90 - 87. Suppose -h*k + 157 = -o - 73, 285 = 4*k + 3*o. Suppose 4*b - 2*x = 96, 0*x + x - 52 = -2*b. What is the greatest common divisor of b and k?
25
Suppose 55 = 3*c - 23. Suppose -11*f + 4 = -425. What is the highest common divisor of f and c?
13
Let i = -21967 - -31049. Calculate the highest common divisor of i and 76.
38
Suppose -71*u - 52*u = -12*u - 153069. Calculate the highest common divisor of 77 and u.
7
Suppose i - 39 = j, -4*i = -0*i - 5*j - 159. Let m = -34 + i. Suppose 3*s - 5*f - 96 = 19, -4*f = -m*s + 76. Calculate the highest common divisor of 5 and s.
5
Suppose -420 = -33*s + 75. Let c = 31 + -79. Let k = 123 + c. What is the greatest common divisor of s and k?
15
Let g(w) = -818*w + 1732. Let c be g(-5). What is the greatest common divisor of 82 and c?
82
Suppose -31*f + 113 = -1274 + 643. What is the greatest common factor of 1256 and f?
8
Suppose 9*b - 229 = 59. Let i(k) = -k**3 - 2*k**2 - 2*k + 2. Let x be i(-2). Let f be 32/(-12)*x/(-4). Calculate the highest common divisor of b and f.
4
Let j(k) = 13*k**2 + 297*k - 39. Let q be j(-23). What i